{"id":2287,"date":"2016-10-14T17:45:52","date_gmt":"2016-10-14T15:45:52","guid":{"rendered":"http:\/\/guineetp.com\/?page_id=2287"},"modified":"2017-04-04T20:27:47","modified_gmt":"2017-04-04T18:27:47","slug":"presentation","status":"publish","type":"page","link":"https:\/\/guineetp.com\/index.php\/presentation\/","title":{"rendered":"Pr\u00e9sentation"},"content":{"rendered":"<p>[vc_row el_class=\u00a0\u00bbmiddle\u00a0\u00bb css=\u00a0\u00bb.vc_custom_1443173842250{margin-top: -50px !important;margin-bottom: 0px !important;}\u00a0\u00bb][vc_column width=\u00a0\u00bb1\/3&Prime;][vc_column_text]<img decoding=\"async\" loading=\"lazy\" class=\"aligncenter wp-image-2405 size-full\" src=\"http:\/\/guineetp.com\/wp-content\/uploads\/2017\/03\/Dioubate\u0301.png\" alt=\"Dioubate\u0301\" width=\"383\" height=\"494\" srcset=\"https:\/\/guineetp.com\/wp-content\/uploads\/2017\/03\/Dioubate\u0301.png 383w, https:\/\/guineetp.com\/wp-content\/uploads\/2017\/03\/Dioubate\u0301-233x300.png 233w\" sizes=\"(max-width: 383px) 100vw, 383px\" \/>[\/vc_column_text][\/vc_column][vc_column width=\u00a0\u00bb1\/3&Prime;][vc_custom_heading text=\u00a0\u00bb\u0152uvrant dans les\u00a0\u00bb font_container=\u00a0\u00bbtag:h2|font_size:32|text_align:left|color:%23111111|line_height:1.2&Prime; use_theme_fonts=\u00a0\u00bbyes\u00a0\u00bb][vc_custom_heading text=\u00a0\u00bbDomaines de G\u00e9nie Electrique et de G\u00e9nie Civil,\u00a0\u00bb font_container=\u00a0\u00bbtag:h2|font_size:32|text_align:left|color:%23fbd232|line_height:1.2&Prime; use_theme_fonts=\u00a0\u00bbyes\u00a0\u00bb css=\u00a0\u00bb.vc_custom_1491330092550{margin-bottom: 30px !important;}\u00a0\u00bb link=\u00a0\u00bb|||\u00a0\u00bb][vc_column_text]<\/p>\n<div class=\"wpb_text_column wpb_content_element \">\n<div class=\"wpb_wrapper\">\n<p>Notre mission est de fournir des services de qualit\u00e9,<\/p>\n<ul class=\"wrench-list\">\n<li>Etudes<\/li>\n<li>Fournitures de mat\u00e9riels<\/li>\n<li>R\u00e9alisations<\/li>\n<li>Int\u00e9rim<\/li>\n<li>Contr\u00f4le et suivi des travaux<\/li>\n<\/ul>\n<p>En G\u00e9nie \u00e9lectrique, G\u00e9nie Civil (Construction de B\u00e2timents, Construction de Pistes Rurales, Construction de Dalots), Environnement, Adduction d&rsquo;eau.<\/p>\n<\/div>\n<\/div>\n<p>[\/vc_column_text][thememove_button add_icon=\u00a0\u00bbyes\u00a0\u00bb icon_fontawesome=\u00a0\u00bbfa fa-angle-double-right\u00a0\u00bb text=\u00a0\u00bbVOIR NOS SERVICES\u00a0\u00bb link=\u00a0\u00bburl:http%3A%2F%2Fguineetp.com%2Findex.php%2Fnos-services%2F|||\u00a0\u00bb][\/vc_column][vc_column width=\u00a0\u00bb1\/3&Prime;][vc_column_text]<img decoding=\"async\" loading=\"lazy\" class=\"aligncenter wp-image-2407 size-full\" src=\"http:\/\/guineetp.com\/wp-content\/uploads\/2017\/03\/Mr-Soumah.png\" alt=\"Mr Soumah\" width=\"383\" height=\"494\" srcset=\"https:\/\/guineetp.com\/wp-content\/uploads\/2017\/03\/Mr-Soumah.png 383w, https:\/\/guineetp.com\/wp-content\/uploads\/2017\/03\/Mr-Soumah-233x300.png 233w\" sizes=\"(max-width: 383px) 100vw, 383px\" \/>[\/vc_column_text][\/vc_column][\/vc_row][vc_row full_width=\u00a0\u00bbstretch_row\u00a0\u00bb parallax=\u00a0\u00bbcontent-moving\u00a0\u00bb parallax_image=\u00a0\u00bb2456&Prime; el_class=\u00a0\u00bbour-features-layout2 center\u00a0\u00bb css=\u00a0\u00bb.vc_custom_1490128407010{padding-top: 60px !important;padding-bottom: 30px !important;}\u00a0\u00bb][vc_column width=\u00a0\u00bb1\/3&Prime; css=\u00a0\u00bb.vc_custom_1439360282029{margin-bottom: 30px !important;}\u00a0\u00bb][thememove_icon type=\u00a0\u00bbpe7stroke\u00a0\u00bb icon_pe7stroke=\u00a0\u00bbpe-7s-tools\u00a0\u00bb font_size=\u00a0\u00bb80&Prime;][vc_custom_heading text=\u00a0\u00bbProfessionalisme\u00a0\u00bb font_container=\u00a0\u00bbtag:h3|font_size:20|text_align:center|color:%23ffffff\u00a0\u00bb use_theme_fonts=\u00a0\u00bbyes\u00a0\u00bb css=\u00a0\u00bb.vc_custom_1477503694617{margin-top: 5px !important;margin-bottom: 5px !important;}\u00a0\u00bb][vc_column_text]<\/p>\n<p style=\"text-align: center;\">Parce que quand nous faisons une chose, nous le faisons bien.<\/p>\n<p>[\/vc_column_text][\/vc_column][vc_column width=\u00a0\u00bb1\/3&Prime; css=\u00a0\u00bb.vc_custom_1439360289713{margin-bottom: 30px !important;}\u00a0\u00bb][thememove_icon type=\u00a0\u00bbpe7stroke\u00a0\u00bb icon_pe7stroke=\u00a0\u00bbpe-7s-clock\u00a0\u00bb font_size=\u00a0\u00bb80&Prime;][vc_custom_heading text=\u00a0\u00bbDisponibili\u00e9\u00a0\u00bb font_container=\u00a0\u00bbtag:h3|font_size:20|text_align:center|color:%23ffffff\u00a0\u00bb use_theme_fonts=\u00a0\u00bbyes\u00a0\u00bb css=\u00a0\u00bb.vc_custom_1477503715385{margin-top: 5px !important;margin-bottom: 5px !important;}\u00a0\u00bb][vc_column_text]Parce que nous existons pour vous.[\/vc_column_text][\/vc_column][vc_column width=\u00a0\u00bb1\/3&Prime; css=\u00a0\u00bb.vc_custom_1439360299267{margin-bottom: 30px !important;}\u00a0\u00bb][thememove_icon type=\u00a0\u00bbpe7stroke\u00a0\u00bb icon_pe7stroke=\u00a0\u00bbpe-7s-cash\u00a0\u00bb font_size=\u00a0\u00bb80&Prime;][vc_custom_heading text=\u00a0\u00bbCo\u00fbt raisonable\u00a0\u00bb font_container=\u00a0\u00bbtag:h3|font_size:20|text_align:center|color:%23ffffff\u00a0\u00bb use_theme_fonts=\u00a0\u00bbyes\u00a0\u00bb css=\u00a0\u00bb.vc_custom_1477503736640{margin-top: 5px !important;margin-bottom: 5px !important;}\u00a0\u00bb][vc_column_text]<\/p>\n<p style=\"text-align: center;\">Parce que nous commen\u00e7ons par des \u00e9tudes\/des analyses.<\/p>\n<p>[\/vc_column_text][\/vc_column][\/vc_row][vc_row][vc_column width=\u00a0\u00bb1\/2&Prime;][vc_custom_heading text=\u00a0\u00bbNos Valeurs\u00a0\u00bb font_container=\u00a0\u00bbtag:h2|font_size:32px|text_align:left|color:%23fbd232|line_height:1.2&Prime; use_theme_fonts=\u00a0\u00bbyes\u00a0\u00bb css=\u00a0\u00bb.vc_custom_1490550443494{margin-bottom: 15px !important;}\u00a0\u00bb][vc_column_text]<\/p>\n<ul>\n<li>Engagement envers les clients<\/li>\n<li>Respect des collaborateurs<\/li>\n<li>Obsession de la performance<\/li>\n<li>Esprit d\u2019\u00e9quipe<\/li>\n<li>Prise de risque<\/li>\n<li>Protection de l\u2019environnement<\/li>\n<\/ul>\n<p>[\/vc_column_text][\/vc_column][vc_column width=\u00a0\u00bb1\/2&Prime;][vc_custom_heading text=\u00a0\u00bbNos Ambitions\u00a0\u00bb font_container=\u00a0\u00bbtag:h2|font_size:32px|text_align:left|color:%23fbd232|line_height:1.2&Prime; use_theme_fonts=\u00a0\u00bbyes\u00a0\u00bb css=\u00a0\u00bb.vc_custom_1490550452587{margin-bottom: 15px !important;}\u00a0\u00bb][vc_column_text]<\/p>\n<ul>\n<li style=\"text-align: justify;\">Devenir la r\u00e9f\u00e9rence essentielle dans les domaines de G\u00e9nie Electrique (R\u00e9seaux \u00e9lectriques de HT, MT (HTA), BT et EP, Energie solaire, &#8230;) et de G\u00e9nie Civil<\/li>\n<li style=\"text-align: justify;\">Devenir leader du r\u00e9seau \u00e9lectrique en Guin\u00e9e.<\/li>\n<\/ul>\n<p>[\/vc_column_text][\/vc_column][\/vc_row][vc_row full_width=\u00a0\u00bbstretch_row\u00a0\u00bb el_class=\u00a0\u00bbbe-a-piece-of-us middle\u00a0\u00bb css=\u00a0\u00bb.vc_custom_1477583116021{margin-bottom: 0px !important;padding-top: 65px !important;padding-bottom: 68px !important;background-color: #eeeeee !important;}\u00a0\u00bb][vc_column width=\u00a0\u00bb1\/12&Prime;][thememove_icon icon_fontawesome=\u00a0\u00bbfa fa-users\u00a0\u00bb font_size=\u00a0\u00bb26&Prime; font_color=\u00a0\u00bb#000000&Prime;][\/vc_column][vc_column width=\u00a0\u00bb2\/3&Prime;][vc_custom_heading text=\u00a0\u00bbGUINEE TP\u00a0\u00bb font_container=\u00a0\u00bbtag:h2|font_size:32|text_align:left|color:%23000000&Prime; use_theme_fonts=\u00a0\u00bbyes\u00a0\u00bb][vc_column_text]Le Savoir, le Vouloir et le Pouvoir ![\/vc_column_text][\/vc_column][vc_column width=\u00a0\u00bb1\/4&Prime;][thememove_button text=\u00a0\u00bbVOIR NOS SERVICES\u00a0\u00bb link=\u00a0\u00bburl:http%3A%2F%2Fguineetp.com%2Findex.php%2Fnos-services%2F|||\u00a0\u00bb][\/vc_column][\/vc_row]<\/p>\n","protected":false},"excerpt":{"rendered":"<p>[vc_row el_class=\u00a0\u00bbmiddle\u00a0\u00bb css=\u00a0\u00bb.vc_custom_1443173842250{margin-top: -50px !important;margin-bottom: 0px !important;}\u00a0\u00bb][vc_column width=\u00a0\u00bb1\/3&Prime;][vc_column_text][\/vc_column_text][\/vc_column][vc_column width=\u00a0\u00bb1\/3&Prime;][vc_custom_heading text=\u00a0\u00bb\u0152uvrant dans les\u00a0\u00bb font_container=\u00a0\u00bbtag:h2|font_size:32|text_align:left|color:%23111111|line_height:1.2&Prime; use_theme_fonts=\u00a0\u00bbyes\u00a0\u00bb][vc_custom_heading text=\u00a0\u00bbDomaines de G\u00e9nie Electrique et de G\u00e9nie Civil,\u00a0\u00bb font_container=\u00a0\u00bbtag:h2|font_size:32|text_align:left|color:%23fbd232|line_height:1.2&Prime; use_theme_fonts=\u00a0\u00bbyes\u00a0\u00bb css=\u00a0\u00bb.vc_custom_1491330092550{margin-bottom: 30px !important;}\u00a0\u00bb link=\u00a0\u00bb|||\u00a0\u00bb][vc_column_text] Notre mission est de fournir des services de qualit\u00e9, Etudes Fournitures de mat\u00e9riels R\u00e9alisations Int\u00e9rim Contr\u00f4le et suivi des travaux En G\u00e9nie \u00e9lectrique, G\u00e9nie Civil (Construction de [&hellip;]<\/p>\n","protected":false},"author":1,"featured_media":0,"parent":0,"menu_order":0,"comment_status":"closed","ping_status":"closed","template":"","meta":[],"_links":{"self":[{"href":"https:\/\/guineetp.com\/index.php\/wp-json\/wp\/v2\/pages\/2287"}],"collection":[{"href":"https:\/\/guineetp.com\/index.php\/wp-json\/wp\/v2\/pages"}],"about":[{"href":"https:\/\/guineetp.com\/index.php\/wp-json\/wp\/v2\/types\/page"}],"author":[{"embeddable":true,"href":"https:\/\/guineetp.com\/index.php\/wp-json\/wp\/v2\/users\/1"}],"replies":[{"embeddable":true,"href":"https:\/\/guineetp.com\/index.php\/wp-json\/wp\/v2\/comments?post=2287"}],"version-history":[{"count":29,"href":"https:\/\/guineetp.com\/index.php\/wp-json\/wp\/v2\/pages\/2287\/revisions"}],"predecessor-version":[{"id":2546,"href":"https:\/\/guineetp.com\/index.php\/wp-json\/wp\/v2\/pages\/2287\/revisions\/2546"}],"wp:attachment":[{"href":"https:\/\/guineetp.com\/index.php\/wp-json\/wp\/v2\/media?parent=2287"}],"curies":[{"name":"wp","href":"https:\/\/api.w.org\/{rel}","templated":true}]}}